4114013 (base 5) in base 12?
-3045b11
-113404121 (base 7) to base 6
-410125255
2a906 (base 16) to base 5
21034332
Convert 1865d (base 16) to base 9.
162066
-400330331 (base 5) to base 14
-2cd7b3
Convert -758322 (base 9) to base 10.
-452243
What is -5370a (base 11) in base 14?
-20635
Convert 11001100011110110000011 (base 2) to base 3.
110121102020200
20334536 (base 7) to base 3
10012200200022
-22241222 (base 5) to base 14
-51833
What is 655500 (base 10) in base 7?
5400036
Convert 1011221022011111 (base 3) to base 14.
237b559
Convert 61041 (base 9) to base 12.
1b284
Convert -53b58 (base 13) to base 11.
-a3771
Convert -9a6088 (base 11) to base 6.
-54213411
Convert -1572971 (base 10) to base 4.
-12000001223
Convert 543975 (base 10) to base 8.
2046347
44532000 (base 6) to base 11
841a50
Convert -1112322144 (base 6) to base 15.
-1102101
-171104 (base 9) to base 2
-11001110100111110
Convert 6a5b06 (base 13) to base 10.
2526218
Convert 22013221121 (base 4) to base 10.
2652761
Convert 441104233 (base 5) to base 2.
111001110011110101110
What is -1100021111 (base 3) in base 16?
-674e
Convert -2b8ad (base 14) to base 13.
-3a655
Convert -65115023 (base 7) to base 15.
-749898
What is -242431432 (base 6) in base 8?
-21447254
2313010 (base 5) to base 3
2010002212
-1000000111111000101 (base 2) to base 16
-40fc5
Convert -35702510 (base 9) to base 8.
-102352017
230231440 (base 5) to base 10
1023995
Convert 12320020002 (base 4) to base 9.
3346820
111233000 (base 4) to base 9
145105
33bc6 (base 16) to base 5
23240120
-1114236 (base 8) to base 13
-a7144
What is 20107 (base 8) in base 16?
2047
Convert -738265 (base 9) to base 13.
-124b14
What is -73868 (base 10) in base 2?
-10010000010001100
What is 17425372 (base 9) in base 12?
2b2339b
-802542 (base 10) to base 4
-3003323232
Convert -94a67 (base 11) to base 14.
-38600
What is -3071243 (base 9) in base 14?
-30a152
What is 276425 (base 8) in base 4?
113310111
-31101021133 (base 4) to base 12
-11b8967
Convert -4abd90 (base 14) to base 11.
-14a4681
What is 28b3f5 (base 16) in base 12?
a87845
-210241010 (base 5) to base 12
-35a567
730714 (base 8) to base 7
2025621
Convert -62dc41 (base 14) to base 4.
-30233320201
Convert -cc7206 (base 14) to base 9.
-14038284
What is -1001110101111101000110 (base 2) in base 15?
-35e7e9
What is 127795 (base 11) in base 16?
30f99
2312301313 (base 4) to base 16
b6c77
-1ad61 (base 15) to base 6
-1512331
What is -969242 (base 13) in base 12?
-12247a8
252751 (base 8) to base 12
427a1
14022005 (base 6) to base 9
785135
What is -a5643b (base 16) in base 11?
-6133637
Convert 1040000 (base 5) to base 16.
46cd
What is 1101110011100100101 (base 2) in base 7?
3562630
What is 20241543 (base 6) in base 4?
2031312213
-150a23 (base 12) to base 7
-3003003
Convert -1100111111000001 (base 2) to base 15.
-10b5a
-1100011101111101011 (base 2) to base 12
-178523
What is 2646361 (base 7) in base 3?
122200100121
Convert 682236 (base 14) to base 4.
31200103220
What is 1333101023 (base 4) in base 11?
326721
21514415 (base 6) to base 10
647723
What is 515643 (base 7) in base 3?
11111100220
1c3e0b (base 15) to base 4
11100331001
What is -102120301 (base 4) in base 12?
-37701
Convert 110111111100010101 (base 2) to base 3.
102122022201
What is -221267 (base 9) in base 14?
-3624c
What is 3052504 (base 7) in base 14?
974ab
-90416 (base 11) to base 14
-362bc
Convert 373266 (base 9) to base 16.
370cb
43dbd0 (base 14) to base 16
232a2a
Convert -9a4217 (base 12) to base 3.
-11121200100101
What is -32011000 (base 4) in base 5?
-3321124
-11526346 (base 7) to base 6
-34043004
Convert 27e31 (base 16) to base 13.
59496
What is 4207501 (base 8) in base 11?
6a3a8a
Convert 2312012 (base 5) to base 14.
111ab
What is 30403223 (base 5) in base 4?
330120101
420b6a (base 14) to base 12
8b688a
4675605 (base 10) to base 4
101311200111
255357 (base 10) to base 6
5250113
What is -7a3512 (base 15) in base 16?
-5901b6
-2e9d9c (base 16) to base 6
-145251312
What is 526232 (base 9) in base 5?
40003212
238628 (base 14) to base 4
10220121230
What is 16191a7 (base 11) in base 2?
1010100010111110110101
Convert 3591a66 (base 13) to base 11.
9407291
-113224 (base 12) to base 8
-1031174
12243200232 (base 5) to base 9
30785532
-110101101000100010101 (base 2) to base 14
-33a68d
-3522045 (base 9) to base 12
-779b65
What is 1ca0aa (base 16) in base 15?
270d5d
-9363 (base 14) to base 6
-313243
-48757 (base 12) to base 15
-1decd
-421c3 (base 15) to base 8
-631372
Convert 1533521 (base 12) to base 14.
7dc601
89749 (base 11) to base 7
1051013
What is -4b9db9 (base 15) in base 6?
-205431333
What is 111000111011100011 (base 2) in base 11?
14a219
Convert -32311204 (base 5) to base 10.
-275804
1739048 (base 11) to base 10
2954872
What is -100011100101110001 (base 2) in base 11?
-9a585
Convert -110513 (base 8) to base 5.
-2142240
What is 121132020210 (base 4) in base 13?
14ca207
What is 20210010221012 (base 3) in base 8?
15600570
-176555 (base 11) to base 2
-1000010011100111101
Convert -11011000110000000011 (base 2) to base 4.
-3120300003
Convert 3500302 (base 10) to base 2.
1101010110100100001110
What is 372933 (base 12) in base 11?
562565
Convert -13552944 (base 10) to base 9.
-27446126
102011040 (base 5) to base 7
3410126
Convert -1243111152 (base 6) to base 13.
-307b896
Convert 756274 (base 8) to base 3.
110212012200
What is 463b43 (base 15) in base 13?
905784
What is -130215331 (base 6) in base 5?
-1122144404
-10526353 (base 9) to base 6
-301120333
What is 22121131 (base 4) in base 13?
16501
351135 (base 6) to base 3
1112021012
Convert 2396205 (base 12) to base 14.
cc0461
-101331304 (base 5) to base 6
-12541452
-1014302 (base 5) to base 16
-41bb
What is a1065a (base 11) in base 13?
44c0c6
What is 443267 (base 8) in base 7?
1160625
7a1864 (base 13) to base 4
23001021210
What is -14d521 (base 15) in base 6?
-33325334
Convert 1627615 (base 9) to base 10.
904460
-110000001010010011 (base 2) to base 10
-197267
Convert -2579a (base 14) to base 5.
-10421220
Convert 101122010002 (base 3) to base 2.
110011000110011010
-13144444 (base 6) to base 10
-433900
-227251 (base 9) to base 3
-20221021201
121111021 (base 3) to base 6
131354
Convert 211202122201 (base 3) to base 16.
6d654
What is 10311231322 (base 4) in base 15?
1a0d37
Convert -1152204 (base 6) to base 14.
-18552
Convert 137b4c (base 13) to base 5.
110134103
102302022 (base 4) to base 8
226212
What is -10111100110010100100 (base 2) in base 4?
-2330302210
What is 43244421 (base 5) in base 13?
cbab4
Convert 20133010123 (base 4) to base 12.
8b3337
What is -10100110011101001110 (base 2) in base 13?
-1ab448
-107826 (base 10) to base 16
-1a532
Convert -33100032331 (base 4) to base 11.
-229127a
Convert -35963d (base 14) to base 6.
-103131023
What is -11625403 (base 7) in base 13?
-2a9481
Convert -18277155 (base 9) to base 7.
-141142052
What is -355550550 (base 6) in base 8?
-31477702
Convert -691647 (base 10) to base 14.
-1400b5
2682b2b (base 12) to base 9
15327458
-134501 (base 7) to base 14
-94a8
Convert 1672657 (base 10) to base 14.
3177d7
Convert -8ed9e2 (base 15) to base 14.
-c9b034
Convert 404166 (base 10) to base 6.
12355050
Convert -315272 (base 8) to base 15.
-2124b
What is -331445420 (base 6) in base 11?
-3402a70
-33235444 (base 6) to base 9
-1784341
What is 191924 (base 10) in base 9?
322238
What is -2a0bd (base 14) in base 10?
-104439
15420c (base 13) to base 3
222120202010
222231330 (base 4) to base 3
22220000110
Convert -121232521 (base 6) to base 7.
-25413433
-52706567 (base 8) to base 11
-6389a32
What is -14557727 (base 8) in base 11?
-1977a63
What is 10044011 (base 5) in base 10?
81131
-1050540 (base 7) to base 5
-13124202
What is -1819083 (base 14) in base 7?
-203052223
Convert 586151 (base 10) to base 6.
20321355
Convert -7341b (base 15) to base 2.
-1011001001101110010
What is 9c307 (base 13) in base 5?
33041202
What is -442034324 (base 5) in base 3?
-10120222021010
What is -108827 (base 9) in base 5?
-4044204
What is 52910 (base 11) in base 4?
102302213
Convert 24535 (base 14) to base 4.
111230003
Convert -123252 (base 11) to base 14.
-50cdb
-20000000121 (base 3) to base 10
-118114
What is 2083267 (base 10) in base 14?
3c32cb
Convert -13103012132 (base 4) to base 8.
-7230636
What is 1033233110 (